979. Let o be ((-72)/14)/((-18)/84). Calculate the greatest common divisor of g and o.
24
Suppose 31*s = -13729 + 38529. Calculate the greatest common divisor of 60 and s.
20
Let q(a) = 18*a**2 - 7*a + 8. Let o be q(7). Let u(x) = 121*x**2 + 1827*x + 209. Let l be u(-15). What is the greatest common factor of o and l?
29
Let w be -1 + ((60/5)/(-4) - -8). Let j be (w + (-13)/5)/((-5)/(-75)). What is the greatest common divisor of 15 and j?
3
Let w be (-1542)/(-21) + (-66)/154. Calculate the greatest common factor of 584 and w.
73
Let a(j) = j**3 + 4*j**2 + 2*j + 2. Let x be a(-3). Suppose -32*c - 23*c = -220. Calculate the highest common divisor of c and x.
1
Let s be (4 - (6 - 5))*(-2 - -3). Suppose -2*r + 16 = s*d, -5*d + 3*d + 8 = r. Calculate the highest common divisor of 32 and r.
8
Let i be (-18501)/(-56) + 6/(-16). Let v = 20 - 17. Suppose -105 = -v*x - 15. What is the highest common divisor of x and i?
30
Suppose 36185 = 10*r - 24615. Suppose -41*a = -51*a + r. Calculate the greatest common divisor of a and 19.
19
Let a = 332 + 132. Let n = -8414 + 8430. What is the highest common factor of n and a?
16
Suppose 5*l - 3 = 2, -l - 8 = -3*a. Suppose -4*q = -2*f + 38, 5*f + 51 = 9*f - a*q. What is the greatest common divisor of f and 63?
9
Let t(y) = 7*y**2 - 204*y - 141. Let r be t(30). Calculate the highest common factor of r and 309.
3
Let x = -1770 - -3093. Suppose 12*u + 5*j + 937 = 1625, 5*u - 5*j - 145 = 0. What is the greatest common factor of u and x?
49
Let g be (-5*(-195)/(-25))/((-6)/14). What is the greatest common divisor of g and 259?
7
Suppose -8*u + 169 = 457. Let f = u - -37. Let o be 12/(-15)*(-66 + f). Calculate the highest common divisor of 13 and o.
13
Suppose 130*z - 57135 = 108095. Calculate the greatest common factor of 31 and z.
31
Let d(x) = -6*x + 122. Let o be d(13). Suppose 8*w - o = 68. Calculate the greatest common factor of 217 and w.
7
Let h = -58 - -32. Let z be h*((0 - 4) + (-225)/30). What is the greatest common factor of z and 13?
13
Suppose -3183 = -1372*q + 2305. Let t = 154 - 74. Calculate the highest common factor of t and q.
4
Let h(t) = 2*t - 35. Let m be h(20). Suppose 5*n + m*z = 14 + 6, 2*n - 12 = -z. What is the greatest common divisor of 28 and n?
4
Suppose 4*x - 5*r - 5674 = 0, 311 - 305 = -r. What is the greatest common factor of 17 and x?
17
Let r = 68 - 63. Let s be (-408)/(-20) - (8/r)/4. Let t = 58 - s. What is the greatest common factor of 114 and t?
38
Let h(f) = -f**2 + 10*f - 30. Let j be h(9). Let c = j + 20. Let d = 46 + c. What is the highest common factor of d and 30?
15
Suppose -12*m = -15*m + 18. Suppose -m*q - 23 = 121. Let b = q - -39. What is the greatest common divisor of 135 and b?
15
Let r = 496 - 310. Let x = 200 - r. Calculate the greatest common divisor of x and 12.
2
Let l = 11 + 18. Let z(s) = -1976*s + 10141. Let v be z(5). Calculate the greatest common factor of l and v.
29
Suppose 10*i = 3738 + 512. Suppose 79 = -2*o + 321. Let n = i - o. Calculate the highest common divisor of n and 19.
19
Let u(a) = 9*a**2 + 107*a - 11. Let y be u(9). What is the greatest common divisor of y and 123?
41
Let j = -6473 + 6564. What is the greatest common divisor of j and 1022?
7
Let o(i) = -i**2 + 30*i + 53. Let p be o(27). Let a = -102 + p. What is the greatest common divisor of a and 16?
16
Let m(a) = 2*a + 8. Let t be m(-8). Let d(w) = w + 10. Let p be d(t). Let n be (161/35 - 4)/((-24)/(-160)). What is the greatest common factor of n and p?
2
Let n(o) = 7*o**2 + 396*o - 81. Let y be n(-57). Calculate the highest common factor of y and 6945.
15
Suppose -2*t + 28 = -23*z + 19*z, -2*t - z + 13 = 0. Let r = t - -297. What is the highest common factor of r and 183?
61
Let g be (17298/496)/((-6)/(-32)). Calculate the greatest common factor of 21 and g.
3
Let i be 17*(7 - (-18)/(-3)). Suppose -9*p = -i*p + 1064. Suppose 4*x = -3*l + 70, 2*l = 4*l + 4. What is the highest common factor of x and p?
19
Suppose a - 4*w - 33 = 0, 3*a - 3*w - 69 = -w. Suppose -2*f = 3*g - 325, 75 = -2*g - 5*f + 310. Calculate the highest common divisor of g and a.
21
Let y be ((-27)/(-18))/((-1)/(-4)*-3). Let z be (-4 - -5 - 3)/(y/22). What is the greatest common factor of 352 and z?
22
Suppose 20 = -14*q + 19*q. Let n(i) = -i**3 + 10*i**2 - 14*i + 50. Let z be n(q). What is the greatest common factor of 81 and z?
9
Let j = -1282 + 1498. What is the highest common factor of 228 and j?
12
Let j = 359 + -351. What is the highest common divisor of 88 and j?
8
Let k(d) = -2*d**2 + 13*d - 15. Let w be k(4). Let i be 0*(-4)/12 - (-1 + w). Let s be (-14)/(3 - 16/i*-1). Calculate the greatest common divisor of 98 and s.
14
Suppose 47977 - 10317 = 67*q - 33628. What is the greatest common factor of 16 and q?
8
Let f be (2/14)/(204/44268). What is the highest common divisor of f and 248?
31
Let x be (-1481)/(-4) + 18/(-72). Suppose 10*n + 80 = x. Calculate the greatest common divisor of n and 29.
29
Suppose 126 + 864 = 30*y. Suppose 2*a + 3*i = 4, -2*a - 9 = 3*a - 2*i. Let m be ((-2 - -2) + -363)*a. What is the highest common divisor of m and y?
33
Let u(p) = 4*p**3 - p**2 + 2*p - 2. Let t be u(2). Let l(a) = -a**2 - 8*a - 25. Let i be l(8). Let n = i + 228. What is the greatest common divisor of n and t?
15
Suppose -r + 2417 = -5*y, -3*y - 14*r - 1441 = -10*r. Let v = y + 489. What is the highest common divisor of v and 486?
6
Let s be (-17)/((-1785)/473536) - (-12)/90. Calculate the highest common divisor of 660 and s.
110
Let f be (-1)/(1 + (-42)/35). Let s be -414*(f - -3*(-39)/18). Calculate the greatest common factor of 23 and s.
23
Let s be -2*(-3 - (-108)/(-18)). Calculate the greatest common factor of 852 and s.
6
Suppose q - 275 = -0*q. Suppose -9*g + 10*g = 2. Suppose -3*k + 65 = 2*b, 0 = -2*k - g*k + 4*b + 120. What is the highest common divisor of q and k?
25
Suppose 0 = -3*z - 4*q + 383, -10*q = -11*q - 4. What is the highest common factor of 171 and z?
19
Let d(o) = -4*o**2 + 122*o - 194. Let k be d(27). What is the highest common factor of 2300 and k?
92
Suppose 0*s - 6*s + 804 = 0. Let h = 240 - s. Suppose 10*c + 6 = h. What is the greatest common divisor of c and 30?
10
Let u(a) = a**3 - 22*a**2 + 25*a - 3. Let h = -60 - -64. Let r be 1/2 + 94/h + -3. Let f be u(r). What is the greatest common factor of f and 9?
9
Let p(m) = -5*m + 3. Let o be p(-7). Let z be 2/7 + 379/21 - (-904)/1356. Calculate the highest common divisor of z and o.
19
Let r(a) = 3*a - 84. Let o be r(29). Suppose o*g = -2*s + 5*s + 615, 0 = -4*g - 3*s + 806. What is the greatest common divisor of g and 58?
29
Let v = -3964 - -33039. Calculate the highest common factor of 25 and v.
25
Let m = -44 + 66. Suppose 3*o - 11 = 2*t, 3*t + 2*o - 23 = -7. Suppose 0*p = t*p - 44. What is the greatest common factor of m and p?
22
Suppose -y - 4*y = 5*w + 345, 2*y = 5*w + 380. Let z = w - -97. Suppose -5*g = 6*k - 2*k - 664, 5*g - 20 = 0. What is the greatest common factor of k and z?
23
Let s(z) = 684*z - 1233. Let t be s(5). What is the greatest common divisor of t and 513?
27
Let n be 2*(-23088)/(-27) + (-32)/144. What is the greatest common divisor of n and 15?
15
Let f(m) = m**3 + 9*m**2 - 9*m + 9. Let k = -124 - -130. Let h be f(k). Calculate the greatest common factor of 45 and h.
45
Let f = 7751 + -7651. What is the highest common divisor of 1010 and f?
10
Suppose -4 = t - 2, -t = -2*o - 6576. Let d be (-1)/(-4) + o/(-92). Calculate the highest common divisor of 324 and d.
36
Let i be 628*(4/14)/((-8)/(-7)). Suppose 2*s = -3*n + 388, -s + 47 = 4*n - i. Calculate the highest common divisor of s and 4.
4
Let x(p) = -15*p**2 - 9*p + 82. Let h(w) = 17*w**2 + 11*w - 81. Let n(t) = -6*h(t) - 7*x(t). Let f be n(9). Calculate the greatest common factor of 4 and f.
4
Let f be -28*(4 + (2 - 7)). Let a be 150/42 + (-4)/7. Suppose -5*l + a*b = -155, -b - 10 = b. Calculate the greatest common factor of l and f.
28
Let j = -1251 - -1900. Suppose -j = -6*q + 1319. Calculate the highest common factor of 41 and q.
41
Let z(b) = -2*b**2 + 1. Let r(g) = 13*g**2 - 19*g + 14. Let n(v) = -r(v) - 6*z(v). Let w be n(7). What is the highest common factor of 24 and w?
8
Let c(l) = -2*l - 6. Let k be c(-7). Suppose -4*z + 214 = -2*b - 98, -5*z + 5*b + 400 